ond derivative of 19*o**3/2 - o**2 + o. Is k(1) prime?
False
Suppose -12*h - 100250 = -5*d - 15*h, -4*h - 20073 = -d. Is d composite?
True
Suppose 0*z + 162 = 2*z. Let k = z + -142. Let u = k - -282. Is u composite?
True
Let z = -332 - 1312. Let y = 2441 + z. Is y a composite number?
False
Let g(d) = 107*d**2 - 17*d - 109. Is g(-14) a composite number?
False
Let n(t) = 655*t + 69. Let j(z) = 327*z + 34. Let i(k) = 5*j(k) - 2*n(k). Is i(5) prime?
True
Let y(k) = 17*k**3 + 4*k**2 + 2*k - 14. Let n be (7 - 1/2*-4) + -4. Is y(n) a composite number?
False
Let p = -1 - -11. Is -111*((-6)/p + (-4)/10) prime?
False
Suppose -14*x = -23*x + 27. Let a be 2 - (0 - 1)*1. Suppose f + a*m = 40, m - 96 = -x*f + 4*m. Is f a composite number?
True
Let r(i) = -8*i**3 - 3*i**2 + 8*i. Let f(o) = -3*o**3 - o**2 + 3*o. Let y(h) = 11*f(h) - 4*r(h). Let c be y(-1). Is (-4)/4 - (c + -255) composite?
True
Let l(b) be the first derivative of 11*b**5/120 + b**4/24 - 2*b**3 - 9. Let p(r) be the third derivative of l(r). Is p(6) a composite number?
False
Suppose 3194 = h + 42. Suppose -h = -4*s + u, 0 = 4*s + u - 0*u - 3160. Suppose 5*l + 5*o = 1980, 3*l - l + o - s = 0. Is l a prime number?
False
Let g(d) = 3*d**3 + 16*d**2 + 14*d + 19. Let k(l) = -l**3 - l - 1. Let v(a) = -g(a) - 2*k(a). Is v(-20) a composite number?
False
Let g = -9 - -11. Suppose 0*h - g*h + 4 = 0. Is (-4)/((-8)/498) + h a prime number?
True
Let k(z) = 289*z + 630. Is k(47) a prime number?
False
Let c = -25 + 115. Let n = c + 265. Is n prime?
False
Let v(g) = -4722*g + 1. Let n be v(-2). Suppose -2*w = -7*w + n. Is w a prime number?
True
Let i = 67 - 14. Suppose 0 = -i*j + 55*j - 1658. Is j a prime number?
True
Let c(n) be the second derivative of n**3/6 - n**2/2 - 6*n. Let k be c(5). Suppose 3*o = 9, 5*m - k = 4*o + 19. Is m prime?
True
Let h be (2/(-4))/(4/104). Let u(x) = -2*x**3 - 8*x**2 - 13*x - 8. Is u(h) a prime number?
True
Let x be (2 + 0)*((-3)/6 + 2). Suppose -x*g + 82 = -4*m - 159, -5*m = 2*g - 176. Is g a prime number?
True
Let g(u) = -2*u**3 + 21*u**2 + 11*u + 1. Let s be g(11). Is 5096/26 - s*5 a prime number?
True
Let g = 49 + 864. Is g prime?
False
Suppose -5*p = 25, 72*d - 2*p - 7302 = 68*d. Is d a prime number?
True
Suppose -3*p - 5*c + 9383 = -0*c, 2*p - c - 6251 = 0. Suppose -8*j + p = -2*j. Is j a composite number?
False
Suppose 0 = 2*n - 4*u - 852, 0 = -n + 5*n - 2*u - 1728. Let q = 137 + n. Is q composite?
False
Let l be (-3 + 3)*((-21)/(-6) + -3). Let k be 1/3 + 11/3. Suppose b - k*n + l*n = 119, -5*b - 2*n + 639 = 0. Is b prime?
True
Is (-9 + 8 + -837)*7/(-2) a composite number?
True
Suppose 15*y = -2675 + 152360. Is y prime?
False
Let c(i) = 6*i**2 - 66*i - 58. Is c(28) prime?
False
Suppose -1127 = -8*a + 337. Suppose 20 = 5*b, 56 + a = q + b. Is q prime?
False
Let g be -10*3/(-24)*2*6. Let h = 25 - g. Is h a composite number?
True
Let m = -1792 + 4915. Let r = m + -806. Is r composite?
True
Let d = -5 - -13. Suppose -5*c + d = -7. Suppose -c*y + 2*y + 157 = 0. Is y a prime number?
True
Suppose 70*q + 5*s = 72*q - 29227, 0 = 4*q + 5*s - 58499. Is q a composite number?
False
Is ((-27994)/6)/((117/(-27))/13) composite?
False
Let h(f) = 272*f - 25. Let t be h(10). Let d = t - 1058. Is d composite?
False
Suppose -2*p + 3662 = -822. Suppose 3*f - 3359 = 4*n, 4*n + p = -f + 3*f. Is f a composite number?
False
Suppose -13*i + 1381 = 3*g - 15*i, -467 = -g - i. Suppose 0*f + g = f + 3*b, b = 4*f - 1878. Is f composite?
True
Is (1/2 + -1)/(26/(-1454492)) composite?
True
Let p(r) = r**2 + 2*r - 3. Let f be p(1). Suppose f = o + 26 - 249. Is o prime?
True
Let r = -35 - -28. Is (-5)/r + 14/49 - -268 a prime number?
True
Let c = -957 - -2183. Is c a composite number?
True
Suppose 2*o = 2574 + 548. Is o prime?
False
Let z(b) = -b**2 + 9*b - 13. Let t be z(6). Suppose -5*p + 2*k = -10, 3*p = t*k + 6 - 0. Suppose 0 = p*i - 0*i - 6. Is i a prime number?
True
Suppose 33474 = 4*h + 10302. Is h prime?
False
Let x be (-164)/(-52) + (-2)/13. Suppose o = -0*o - x*a + 40, -5*a = -4*o + 126. Is o a composite number?
True
Let z = 718 + -244. Let x(v) = -v**2 - 7*v + 4. Let j be x(-7). Suppose -j*y - 2*p + 593 = -1393, 5*p = -y + z. Is y a prime number?
True
Let g(q) = q**3 - 10*q**2 + 12*q + 1. Let h be g(9). Let l = -29 + h. Let j(k) = -214*k - 1. Is j(l) composite?
True
Let h(d) = -d + 7. Let r be h(4). Suppose 0 = -r*f + 792 + 213. Is f a prime number?
False
Let a(j) = 6*j**3 + 4*j**2 - j + 1. Let r be a(-3). Let v = -243 - r. Let p = v - -203. Is p a composite number?
True
Let r = -20 + -2. Suppose -2 - 147 = 2*h + 5*b, -5*h + 2*b = 387. Let a = r - h. Is a prime?
False
Suppose 2*j = 3*n - 17, -5*j + 3*n + 15 = 62. Let m = j + 10. Suppose 2*a = -m*a + 42. Is a composite?
True
Let k = 56357 - 27178. Is k prime?
True
Suppose -3412 = 2*q - 6*q. Let v = q - -6828. Is v a prime number?
True
Let l(x) = 79*x**3 - 3*x**2 + 3*x - 14. Is l(3) a prime number?
False
Suppose -f = -3*c + c + 5143, 0 = 5*c - 4*f - 12865. Is c prime?
False
Let o(z) = -41*z - 1. Is o(-10) a prime number?
True
Suppose 5*w - 29382 = -1867. Is w a composite number?
False
Suppose -3*b = -15*b + 216. Is (-15)/(-6) - (-3969)/b a composite number?
False
Suppose -5*n - 31273 = -4*u, -3*u + 23450 = -0*u + n. Is u a prime number?
True
Let t(s) = -1922*s**3 + s**2 - 6*s - 8. Is t(-1) a prime number?
False
Suppose -2*u + 2 = -u. Is ((-328)/(-10))/(u/5) prime?
False
Let v(w) = w + 3. Let y = -11 + 7. Let j be v(y). Is 117 - j/2*-4 prime?
False
Let c = -13 + 17. Suppose 8 = c*g - 0*g. Suppose 0 = -2*z - 4, g*q - 2*z + z = 136. Is q composite?
False
Let z(h) = 15*h**2 + 13*h + 9. Let o = -5 - 3. Let x be z(o). Suppose 0 = -2*i - 2*d + 586, -4*d = i - 4*i + x. Is i a prime number?
False
Suppose 3*a + 4*z - 7*z = 10923, -5*a = 3*z - 18221. Is a a prime number?
True
Is -5*(-1689)/((-21)/(-7)) a prime number?
False
Suppose -1876 + 770 = -14*o. Is o prime?
True
Let s(x) be the third derivative of -x**6/120 - x**5/15 + 5*x**4/8 + x**3/6 + 6*x**2. Let z be s(11). Let a = -678 - z. Is a a prime number?
True
Suppose 2*n - 5098 + 520 = -2*l, 2*n + 9132 = 4*l. Is l a prime number?
False
Suppose -2*i + 21380 + 50994 = 0. Is i composite?
False
Let o(n) = n**2 + 24*n + 225. Is o(-20) a composite number?
True
Suppose 2*o + 2 = 0, -2*o - o + 13 = 4*x. Suppose 0 = 3*u - x*s - 13, 2*u - 22 = -3*s - s. Suppose 3*b - 4*l - 14 = 0, 0 = -u*b + 2*b + l + 12. Is b prime?
True
Let t(n) = -10 - 72*n - 1 + 199*n. Is t(6) a composite number?
False
Is 6/(12/10) - (2 - 862) prime?
False
Let y = 115 + -112. Suppose 0 = 4*w + s - 2360, -w - 2*w - y*s = -1779. Is w a composite number?
True
Let w = -14 + 14. Suppose 3 = j - w. Is 2*(j + (-1887)/(-6)) composite?
True
Let c be (-6)/9 - 84/(-18). Suppose -5*l + 0*u = 2*u - 3786, c*l + u = 3030. Is l prime?
False
Let j(i) = i**3 - 5*i**2 + 3*i + 2. Let u be j(4). Let w be ((-320)/(-60))/(4/6). Is (-515)/u + (-4)/w prime?
True
Let x = -578 + 1209. Is x a prime number?
True
Suppose 9811 = 2*v - 2203. Is v prime?
True
Let p(g) = 10*g**3 + 4*g**2 + g - 1. Is p(2) a composite number?
False
Is (35773/(-4))/(16/(-64) + 0) a composite number?
True
Suppose 0 = -4*b + 6*b + 4*m - 7206, 4*b - 14406 = -2*m. Is b prime?
False
Let t(v) = v + 11. Let r be t(2). Suppose 0*u + r*u - 9113 = 0. Is u a composite number?
False
Suppose 2*t = -m + 150, -m + 2*t = 3*m - 550. Is 7/(m/(-265))*(-76)/1 a composite number?
True
Let g(h) = -554*h + 271. Is g(-5) a prime number?
True
Suppose 592*x - 588*x - 3644 = 0. Is x composite?
False
Let n(q) = 10*q**3 - 5*q**2 - 3*q + 6. Let u be n(4). Let g = -935 + u. Is 2 + -6 - -4 - g prime?
False
Let r(z) = -59*z**2 - 4*z + 17. Let q(c) = -c**2. Let b(j) = 4*q(j) - r(j). Is b(4) a composite number?
True
Let b(i) = 275*i + 2. Let o(m) = -183*m - 1. Let v(h) = -5*b(h) - 8*o(h). Let r be v(4). Is (r/4)/(2/4) composite?
True
Suppose -2*i + 4*i = -16. Is (-1)/(i/(-20))*(-1688)/10 prime?
False
Let h = 1 + -189. Let o(m) = 157*m - 1. Let r be o(-2). Let v = h - r. Is v a prime number?
True
Let j(z) = -z**2 + z + 157. Let h be 1/(-3 - 4/(-2)). Let l = h + 1. Is j(l) prime?
True
Is 38/95*11855/2 a prime number?
True
Let w be (-12)/3 - (62 - -4). Suppose -163 = -5*r + 102. Let n = r - w. Is n prime?
False
Let o be (-8)/20 + 0